the remainder when 340 is divided by 22.
10
What is the remainder when 1243 is divided by 15?
13
What is the remainder when 449 is divided by 50?
49
What is the remainder when 332 is divided by 197?
135
What is the remainder when 889 is divided by 89?
88
Calculate the remainder when 115 is divided by 26.
11
Calculate the remainder when 778 is divided by 17.
13
Calculate the remainder when 17850 is divided by 12.
6
Calculate the remainder when 168 is divided by 49.
21
What is the remainder when 227 is divided by 26?
19
Calculate the remainder when 100 is divided by 55.
45
Calculate the remainder when 140 is divided by 87.
53
Calculate the remainder when 220 is divided by 7.
3
What is the remainder when 119 is divided by 14?
7
Calculate the remainder when 279 is divided by 89.
12
What is the remainder when 238 is divided by 74?
16
What is the remainder when 925 is divided by 119?
92
What is the remainder when 1344 is divided by 135?
129
Calculate the remainder when 412 is divided by 46.
44
What is the remainder when 1574 is divided by 69?
56
Calculate the remainder when 64 is divided by 24.
16
Calculate the remainder when 74 is divided by 67.
7
Calculate the remainder when 41695 is divided by 32.
31
Calculate the remainder when 107 is divided by 11.
8
Calculate the remainder when 232 is divided by 13.
11
Calculate the remainder when 344 is divided by 112.
8
Calculate the remainder when 26 is divided by 18.
8
Calculate the remainder when 697 is divided by 28.
25
Calculate the remainder when 622 is divided by 38.
14
Calculate the remainder when 6118 is divided by 170.
168
What is the remainder when 163 is divided by 13?
7
Calculate the remainder when 47 is divided by 26.
21
Calculate the remainder when 363 is divided by 8.
3
What is the remainder when 6320 is divided by 34?
30
What is the remainder when 272 is divided by 93?
86
Calculate the remainder when 25530 is divided by 121.
120
Calculate the remainder when 35963 is divided by 36.
35
What is the remainder when 457 is divided by 164?
129
Calculate the remainder when 35 is divided by 6.
5
What is the remainder when 175 is divided by 36?
31
What is the remainder when 887 is divided by 24?
23
What is the remainder when 499 is divided by 82?
7
What is the remainder when 212 is divided by 5?
2
Calculate the remainder when 319 is divided by 44.
11
Calculate the remainder when 267 is divided by 36.
15
Calculate the remainder when 52 is divided by 6.
4
What is the remainder when 578 is divided by 15?
8
What is the remainder when 147 is divided by 4?
3
Calculate the remainder when 276 is divided by 189.
87
Calculate the remainder when 4342 is divided by 723.
4
Calculate the remainder when 984 is divided by 13.
9
What is the remainder when 92 is divided by 24?
20
What is the remainder when 186 is divided by 119?
67
What is the remainder when 56 is divided by 15?
11
What is the remainder when 5261 is divided by 62?
53
What is the remainder when 224 is divided by 45?
44
What is the remainder when 236 is divided by 112?
12
Calculate the remainder when 280 is divided by 30.
10
What is the remainder when 60 is divided by 37?
23
What is the remainder when 35 is divided by 13?
9
What is the remainder when 50 is divided by 35?
15
Calculate the remainder when 873 is divided by 288.
9
What is the remainder when 37 is divided by 15?
7
What is the remainder when 1002 is divided by 34?
16
What is the remainder when 8566 is divided by 17?
15
Calculate the remainder when 384 is divided by 26.
20
What is the remainder when 133 is divided by 4?
1
Calculate the remainder when 401 is divided by 11.
5
What is the remainder when 374 is divided by 136?
102
What is the remainder when 26 is divided by 9?
8
Calculate the remainder when 248 is divided by 25.
23
What is the remainder when 3081 is divided by 7?
1
Calculate the remainder when 158 is divided by 49.
11
What is the remainder when 405 is divided by 29?
28
Calculate the remainder when 2347 is divided by 47.
44
What is the remainder when 11451 is divided by 69?
66
Calculate the remainder when 136 is divided by 7.
3
Calculate the remainder when 687 is divided by 46.
43
What is the remainder when 172 is divided by 29?
27
Calculate the remainder when 583 is divided by 83.
2
Calculate the remainder when 973 is divided by 122.
119
What is the remainder when 462 is divided by 8?
6
What is the remainder when 3990 is divided by 58?
46
What is the remainder when 2086 is divided by 24?
22
Calculate the remainder when 424 is divided by 17.
16
Calculate the remainder when 985 is divided by 21.
19
What is the remainder when 4494 is divided by 75?
69
What is the remainder when 9348 is divided by 2?
0
What is the remainder when 42 is divided by 12?
6
Calculate the remainder when 218 is divided by 92.
34
What is the remainder when 99 is divided by 17?
14
Calculate the remainder when 546 is divided by 90.
6
Calculate the remainder when 312 is divided by 116.
80
What is the remainder when 589 is divided by 148?
145
What is the remainder when 1166 is divided by 90?
86
Calculate the remainder when 1482 is divided by 106.
104
What is the remainder when 3878 is divided by 8?
6
Calculate the remainder when 13095 is divided by 74.
71
What is the remainder when 310 is divided by 160?
150
What is the remainder when 1642 is divided by 137?
135
What is the remainder when 603 is divided by 47?
39
Calculate the remainder when 40 is divided by 5.
0
What is the remainder when 3056 is divided by 36?
32
What is the remainder when 526 is divided by 74?
8
Calculate the remainder when 551 is divided by 35.
26
What is the remainder when 700 is divided by 78?
76
What is the remainder when 2045 is divided by 23?
21
Calculate the remainder when 725 is divided by 28.
25
Calculate the remainder when 73 is divided by 55.
18
What is the remainder when 393 is divided by 5?
3
What is the remainder when 1333 is divided by 103?
97
Calculate the remainder when 81 is divided by 32.
17
Calculate the remainder when 416 is divided by 108.
92
Calculate the remainder when 3314 is divided by 39.
38
Calculate the remainder when 130 is divided by 28.
18
Calculate the remainder when 4426 is divided by 43.
40
Calculate the remainder when 3301 is divided by 56.
53
Calculate the remainder when 1155 is divided by 570.
15
What is the remainder when 83 is divided by 8?
3
What is the remainder when 515 is divided by 75?
65
Calculate the remainder when 5164 is divided by 246.
244
What is the remainder when 635 is divided by 160?
155
What is the remainder when 75 is divided by 16?
11
Calculate the remainder when 311 is divided by 73.
19
What is the remainder when 1559 is divided by 264?
239
What is the remainder when 247 is divided by 36?
31
What is the remainder when 598 is divided by 20?
18
Calculate the remainder when 1076 is divided by 49.
47
What is the remainder when 110 is divided by 32?
14
What is the remainder when 562 is divided by 165?
67
Calculate the remainder when 718 is divided by 103.
100
What is the remainder when 696 is divided by 28?
24
Calculate the remainder when 6009 is divided by 12.
9
Calculate the remainder when 1756 is divided by 462.
370
What is the remainder when 340 is divided by 19?
17
What is the remainder when 399 is divided by 172?
55
What is the remainder when 232 is divided by 9?
7
What is the remainder when 1937 is divided by 10?
7
What is the remainder when 191 is divided by 24?
23
Calculate the remainder when 2548 is divided by 50.
48
What is the remainder when 666 is divided by 61?
56
What is the remainder when 1551 is divided by 222?
219
What is the remainder when 479 is divided by 126?
101
Calculate the remainder when 390 is divided by 122.
24
What is the remainder when 62 is divided by 14?
6
What is the remainder when 192 is divided by 15?
12
What is the remainder when 484 is divided by 106?
60
What is the remainder when 1381 is divided by 82?
69
What is the remainder when 203 is divided by 15?
8
What is the remainder when 848 is divided by 34?
32
Calculate the remainder when 3912 is divided by 89.
85
What is the remainder when 101 is divided by 27?
20
What is the remainder when 442 is divided by 28?
22
Calculate the remainder when 80 is divided by 48.
32
What is the remainder when 180 is di